[INFO] cloning repository https://github.com/pcolusso/status-bot
[INFO] running `Command { std: "git" "-c" "credential.helper=" "-c" "credential.helper=/workspace/cargo-home/bin/git-credential-null" "clone" "--bare" "https://github.com/pcolusso/status-bot" "/workspace/cache/git-repos/https%3A%2F%2Fgithub.com%2Fpcolusso%2Fstatus-bot", kill_on_drop: false }`
[INFO] [stderr] Cloning into bare repository '/workspace/cache/git-repos/https%3A%2F%2Fgithub.com%2Fpcolusso%2Fstatus-bot'...
[INFO] running `Command { std: "git" "rev-parse" "HEAD", kill_on_drop: false }`
[INFO] [stdout] f06dc0a3a3344e835e1bdbf8c6693582a5e9d45a
[INFO] checking pcolusso/status-bot against master#cfbc6d4cf1acbac5c025acf8ed68929caa551df3 for pr-75494-beta
[INFO] running `Command { std: "git" "clone" "/workspace/cache/git-repos/https%3A%2F%2Fgithub.com%2Fpcolusso%2Fstatus-bot" "/workspace/builds/worker-14/source", kill_on_drop: false }`
[INFO] [stderr] Cloning into '/workspace/builds/worker-14/source'...
[INFO] [stderr] done.
[INFO] validating manifest of git repo https://github.com/pcolusso/status-bot on toolchain cfbc6d4cf1acbac5c025acf8ed68929caa551df3
[INFO] running `Command { std: "/workspace/cargo-home/bin/cargo" "+cfbc6d4cf1acbac5c025acf8ed68929caa551df3" "read-manifest" "--manifest-path" "Cargo.toml", kill_on_drop: false }`
[INFO] started tweaking git repo https://github.com/pcolusso/status-bot
[INFO] removed path dependency epd-waveshare from git repo https://github.com/pcolusso/status-bot
[INFO] finished tweaking git repo https://github.com/pcolusso/status-bot
[INFO] tweaked toml for git repo https://github.com/pcolusso/status-bot written to /workspace/builds/worker-14/source/Cargo.toml
[INFO] crate git repo https://github.com/pcolusso/status-bot already has a lockfile, it will not be regenerated
[INFO] running `Command { std: "/workspace/cargo-home/bin/cargo" "+cfbc6d4cf1acbac5c025acf8ed68929caa551df3" "fetch" "--locked" "--manifest-path" "Cargo.toml", kill_on_drop: false }`
[INFO] [stderr] warning: dependency (epd-waveshare) specified without providing a local path, Git repository, or version to use. This will be considered an error in future versions
[INFO] [stderr]     Updating crates.io index
[INFO] [stderr] error: the lock file /workspace/builds/worker-14/source/Cargo.lock needs to be updated but --locked was passed to prevent this
[INFO] [stderr] If you want to try to generate the lock file without accessing the network, use the --offline flag.
[INFO] the lockfile is outdated, regenerating it
[INFO] running `Command { std: "/workspace/cargo-home/bin/cargo" "+cfbc6d4cf1acbac5c025acf8ed68929caa551df3" "generate-lockfile" "--manifest-path" "Cargo.toml" "-Zno-index-update", kill_on_drop: false }`
[INFO] running `Command { std: "/workspace/cargo-home/bin/cargo" "+cfbc6d4cf1acbac5c025acf8ed68929caa551df3" "fetch" "--locked" "--manifest-path" "Cargo.toml", kill_on_drop: false }`
[INFO] [stderr] warning: dependency (epd-waveshare) specified without providing a local path, Git repository, or version to use. This will be considered an error in future versions
[INFO] [stderr]  Downloading crates ...
[INFO] [stderr]   Downloaded embedded-graphics v0.6.2
[INFO] [stderr]   Downloaded telebot v0.3.1
[INFO] [stderr]   Downloaded hyper-multipart-rfc7578 v0.3.1
[INFO] [stderr]   Downloaded tinybmp v0.1.1
[INFO] [stderr]   Downloaded futures-retry v0.3.3
[INFO] [stderr]   Downloaded common-multipart-rfc7578 v0.1.2
[INFO] [stderr]   Downloaded rocksdb v0.12.4
[INFO] [stderr]   Downloaded telebot-derive v0.0.14
[INFO] [stderr]   Downloaded tinytga v0.1.0
[INFO] [stderr]   Downloaded embedded-graphics-simulator v0.1.0
[INFO] [stderr]   Downloaded epd-waveshare v0.4.0
[INFO] running `Command { std: "docker" "create" "-v" "/var/lib/crater-agent-workspace/builds/worker-14/target:/opt/rustwide/target:rw,Z" "-v" "/var/lib/crater-agent-workspace/builds/worker-14/source:/opt/rustwide/workdir:ro,Z" "-v" "/var/lib/crater-agent-workspace/cargo-home:/opt/rustwide/cargo-home:ro,Z" "-v" "/var/lib/crater-agent-workspace/rustup-home:/opt/rustwide/rustup-home:ro,Z" "-e" "SOURCE_DIR=/opt/rustwide/workdir" "-e" "CARGO_TARGET_DIR=/opt/rustwide/target" "-e" "CARGO_HOME=/opt/rustwide/cargo-home" "-e" "RUSTUP_HOME=/opt/rustwide/rustup-home" "-w" "/opt/rustwide/workdir" "-m" "1610612736" "--user" "0:0" "--network" "none" "rustops/crates-build-env@sha256:a636fd89d022f18117e1dc8fb37a0a009933cdbbe082814857f0e2024962d47c" "/opt/rustwide/cargo-home/bin/cargo" "+cfbc6d4cf1acbac5c025acf8ed68929caa551df3" "metadata" "--no-deps" "--format-version=1", kill_on_drop: false }`
[INFO] [stdout] ff0a9e078e3414cafccb6327f3409ba8216431a77f142f5bf96ad1c35df48158
[INFO] [stderr] WARNING: Your kernel does not support swap limit capabilities or the cgroup is not mounted. Memory limited without swap.
[INFO] running `Command { std: "docker" "start" "-a" "ff0a9e078e3414cafccb6327f3409ba8216431a77f142f5bf96ad1c35df48158", kill_on_drop: false }`
[INFO] running `Command { std: "docker" "inspect" "ff0a9e078e3414cafccb6327f3409ba8216431a77f142f5bf96ad1c35df48158", kill_on_drop: false }`
[INFO] running `Command { std: "docker" "rm" "-f" "ff0a9e078e3414cafccb6327f3409ba8216431a77f142f5bf96ad1c35df48158", kill_on_drop: false }`
[INFO] [stdout] ff0a9e078e3414cafccb6327f3409ba8216431a77f142f5bf96ad1c35df48158
[INFO] running `Command { std: "docker" "create" "-v" "/var/lib/crater-agent-workspace/builds/worker-14/target:/opt/rustwide/target:rw,Z" "-v" "/var/lib/crater-agent-workspace/builds/worker-14/source:/opt/rustwide/workdir:ro,Z" "-v" "/var/lib/crater-agent-workspace/cargo-home:/opt/rustwide/cargo-home:ro,Z" "-v" "/var/lib/crater-agent-workspace/rustup-home:/opt/rustwide/rustup-home:ro,Z" "-e" "SOURCE_DIR=/opt/rustwide/workdir" "-e" "CARGO_TARGET_DIR=/opt/rustwide/target" "-e" "CARGO_INCREMENTAL=0" "-e" "RUST_BACKTRACE=full" "-e" "RUSTFLAGS=--cap-lints=forbid" "-e" "CARGO_HOME=/opt/rustwide/cargo-home" "-e" "RUSTUP_HOME=/opt/rustwide/rustup-home" "-w" "/opt/rustwide/workdir" "-m" "1610612736" "--user" "0:0" "--network" "none" "rustops/crates-build-env@sha256:a636fd89d022f18117e1dc8fb37a0a009933cdbbe082814857f0e2024962d47c" "/opt/rustwide/cargo-home/bin/cargo" "+cfbc6d4cf1acbac5c025acf8ed68929caa551df3" "check" "--frozen" "--all" "--all-targets" "--message-format=json", kill_on_drop: false }`
[INFO] [stdout] 4843de24051b9068d0236120b723376b57ce01964a43179a34893d94a1a424fb
[INFO] [stderr] WARNING: Your kernel does not support swap limit capabilities or the cgroup is not mounted. Memory limited without swap.
[INFO] running `Command { std: "docker" "start" "-a" "4843de24051b9068d0236120b723376b57ce01964a43179a34893d94a1a424fb", kill_on_drop: false }`
[INFO] [stderr] warning: dependency (epd-waveshare) specified without providing a local path, Git repository, or version to use. This will be considered an error in future versions
[INFO] [stderr]    Compiling libc v0.2.76
[INFO] [stderr]    Compiling autocfg v1.0.1
[INFO] [stderr]     Checking cfg-if v0.1.10
[INFO] [stderr]    Compiling log v0.4.11
[INFO] [stderr]     Checking futures v0.1.29
[INFO] [stderr]     Checking lazy_static v1.4.0
[INFO] [stderr]    Compiling memchr v2.3.3
[INFO] [stderr]    Compiling byteorder v1.3.4
[INFO] [stderr]    Compiling proc-macro2 v1.0.19
[INFO] [stderr]    Compiling unicode-xid v0.2.1
[INFO] [stderr]    Compiling semver-parser v0.7.0
[INFO] [stderr]     Checking rand_core v0.4.2
[INFO] [stderr]    Compiling maybe-uninit v2.0.0
[INFO] [stderr]    Compiling bitflags v1.2.1
[INFO] [stderr]     Checking either v1.6.0
[INFO] [stderr]    Compiling version_check v0.9.2
[INFO] [stderr]    Compiling autocfg v0.1.7
[INFO] [stderr]     Checking scopeguard v1.1.0
[INFO] [stderr]     Checking slab v0.4.2
[INFO] [stderr]     Checking fnv v1.0.7
[INFO] [stderr]    Compiling syn v1.0.39
[INFO] [stderr]     Checking itoa v0.4.6
[INFO] [stderr]    Compiling pkg-config v0.3.18
[INFO] [stderr]    Compiling glob v0.3.0
[INFO] [stderr]    Compiling regex-syntax v0.6.18
[INFO] [stderr]    Compiling quick-error v1.2.3
[INFO] [stderr]    Compiling unicode-width v0.1.8
[INFO] [stderr]    Compiling vec_map v0.8.2
[INFO] [stderr]    Compiling ansi_term v0.11.0
[INFO] [stderr]    Compiling version_check v0.1.5
[INFO] [stderr]    Compiling bindgen v0.53.3
[INFO] [stderr]    Compiling strsim v0.8.0
[INFO] [stderr]    Compiling termcolor v1.1.0
[INFO] [stderr]    Compiling httparse v1.3.4
[INFO] [stderr]    Compiling shlex v0.1.1
[INFO] [stderr]    Compiling lazycell v1.3.0
[INFO] [stderr]    Compiling openssl v0.10.30
[INFO] [stderr]    Compiling peeking_take_while v0.1.2
[INFO] [stderr]    Compiling rustc-hash v1.1.0
[INFO] [stderr]     Checking try-lock v0.2.3
[INFO] [stderr]     Checking foreign-types-shared v0.1.1
[INFO] [stderr]    Compiling ryu v1.0.5
[INFO] [stderr]    Compiling native-tls v0.2.4
[INFO] [stderr]    Compiling serde_json v1.0.57
[INFO] [stderr]     Checking nb v1.0.0
[INFO] [stderr]     Checking mime v0.3.16
[INFO] [stderr]     Checking openssl-probe v0.1.2
[INFO] [stderr]    Compiling sdl2 v0.32.2
[INFO] [stderr]     Checking rustc-demangle v0.1.16
[INFO] [stderr]     Checking void v1.0.2
[INFO] [stderr]     Checking linked-hash-map v0.5.3
[INFO] [stderr]     Checking dtoa v0.4.6
[INFO] [stderr]    Compiling sdl2-sys v0.32.6
[INFO] [stderr]     Checking lock_api v0.3.4
[INFO] [stderr]     Checking rand_core v0.3.1
[INFO] [stderr]     Checking rand_jitter v0.1.4
[INFO] [stderr]    Compiling semver v0.9.0
[INFO] [stderr]    Compiling thread_local v1.0.1
[INFO] [stderr]    Compiling humantime v1.3.0
[INFO] [stderr]    Compiling textwrap v0.11.0
[INFO] [stderr]    Compiling rand_chacha v0.1.1
[INFO] [stderr]    Compiling rand_pcg v0.1.2
[INFO] [stderr]    Compiling rand v0.6.5
[INFO] [stderr]    Compiling nom v5.1.2
[INFO] [stderr]    Compiling crossbeam-utils v0.7.2
[INFO] [stderr]    Compiling memoffset v0.5.5
[INFO] [stderr]    Compiling crossbeam-epoch v0.8.2
[INFO] [stderr]    Compiling hashbrown v0.8.2
[INFO] [stderr]    Compiling indexmap v1.5.1
[INFO] [stderr]    Compiling num-traits v0.2.12
[INFO] [stderr]    Compiling num-integer v0.1.43
[INFO] [stderr]    Compiling num-iter v0.1.41
[INFO] [stderr]     Checking foreign-types v0.3.2
[INFO] [stderr]     Checking nb v0.1.3
[INFO] [stderr]    Compiling nom v4.2.3
[INFO] [stderr]     Checking yaml-rust v0.4.4
[INFO] [stderr]     Checking rand_isaac v0.1.1
[INFO] [stderr]     Checking rand_xorshift v0.1.1
[INFO] [stderr]     Checking rand_hc v0.1.0
[INFO] [stderr]    Compiling clang-sys v0.29.3
[INFO] [stderr]    Compiling rustc_version v0.2.3
[INFO] [stderr]     Checking tokio-sync v0.1.8
[INFO] [stderr]     Checking embedded-hal v0.2.4
[INFO] [stderr]     Checking smallvec v0.6.13
[INFO] [stderr]     Checking want v0.2.0
[INFO] [stderr]    Compiling telebot-derive v0.0.14
[INFO] [stderr]    Compiling aho-corasick v0.7.13
[INFO] [stderr]     Checking embedded-graphics v0.6.2
[INFO] [stderr]    Compiling quote v1.0.7
[INFO] [stderr]    Compiling parking_lot_core v0.6.2
[INFO] [stderr]    Compiling parking_lot v0.9.0
[INFO] [stderr]    Compiling hyper v0.12.35
[INFO] [stderr]     Checking tokio-executor v0.1.10
[INFO] [stderr]     Checking crossbeam-queue v0.2.3
[INFO] [stderr]    Compiling jobserver v0.1.21
[INFO] [stderr]    Compiling atty v0.2.14
[INFO] [stderr]    Compiling which v3.1.1
[INFO] [stderr]     Checking iovec v0.1.4
[INFO] [stderr]     Checking num_cpus v1.13.0
[INFO] [stderr]     Checking net2 v0.2.34
[INFO] [stderr]     Checking rand_os v0.1.3
[INFO] [stderr]     Checking time v0.1.43
[INFO] [stderr]     Checking rand v0.5.6
[INFO] [stderr]     Checking backtrace v0.3.50
[INFO] [stderr]     Checking tokio-timer v0.2.13
[INFO] [stderr]     Checking tokio-current-thread v0.1.7
[INFO] [stderr]    Compiling clap v2.33.3
[INFO] [stderr]     Checking bytes v0.4.12
[INFO] [stderr]     Checking crossbeam-deque v0.7.3
[INFO] [stderr]     Checking futures-cpupool v0.1.8
[INFO] [stderr]    Compiling cc v1.0.59
[INFO] [stderr]     Checking tinytga v0.1.0
[INFO] [stderr]     Checking mio v0.6.22
[INFO] [stderr]    Compiling regex v1.3.9
[INFO] [stderr]     Checking futures-retry v0.3.3
[INFO] [stderr]     Checking tokio-threadpool v0.1.18
[INFO] [stderr]     Checking tokio-io v0.1.13
[INFO] [stderr]     Checking http v0.1.21
[INFO] [stderr]     Checking string v0.2.1
[INFO] [stderr]     Checking tokio-buf v0.1.1
[INFO] [stderr]     Checking epd-waveshare v0.4.0
[INFO] [stderr]     Checking tinybmp v0.1.1
[INFO] [stderr]     Checking uuid v0.7.4
[INFO] [stderr]     Checking tokio-reactor v0.1.12
[INFO] [stderr]     Checking num v0.1.42
[INFO] [stderr]    Compiling cexpr v0.4.0
[INFO] [stderr]     Checking embedded-graphics v0.5.2
[INFO] [stderr]    Compiling libloading v0.5.2
[INFO] [stderr]    Compiling openssl-sys v0.9.58
[INFO] [stderr]     Checking tokio-tcp v0.1.4
[INFO] [stderr]     Checking tokio v0.1.22
[INFO] [stderr]    Compiling env_logger v0.7.1
[INFO] [stderr]     Checking h2 v0.1.26
[INFO] [stderr]     Checking http-body v0.1.0
[INFO] [stderr]     Checking common-multipart-rfc7578 v0.1.2
[INFO] [stderr]    Compiling synstructure v0.12.4
[INFO] [stderr]     Checking embedded-graphics-simulator v0.1.0
[INFO] [stderr]    Compiling serde_derive v1.0.115
[INFO] [stderr]    Compiling failure_derive v0.1.8
[INFO] [stderr]     Checking failure v0.1.8
[INFO] [stderr]     Checking hyper-multipart-rfc7578 v0.3.1
[INFO] [stderr]     Checking hyper-tls v0.3.2
[INFO] [stderr]     Checking serde v1.0.115
[INFO] [stderr]    Compiling librocksdb-sys v6.7.4
[INFO] [stderr]     Checking erased-serde v0.3.12
[INFO] [stderr]     Checking serde_yaml v0.8.13
[INFO] [stderr]     Checking telebot v0.3.1
[INFO] [stderr] error: could not compile `telebot`.
[INFO] [stderr] 
[INFO] [stderr] Caused by:
[INFO] [stderr]   process didn't exit successfully: `rustc --crate-name telebot --edition=2018 /opt/rustwide/cargo-home/registry/src/github.com-1ecc6299db9ec823/telebot-0.3.1/src/lib.rs --error-format=json --json=diagnostic-rendered-ansi --crate-type lib --emit=dep-info,metadata -Cembed-bitcode=no -C debuginfo=2 -C metadata=8c677ae5af6f9b79 -C extra-filename=-8c677ae5af6f9b79 --out-dir /opt/rustwide/target/debug/deps -L dependency=/opt/rustwide/target/debug/deps --extern erased_serde=/opt/rustwide/target/debug/deps/liberased_serde-1521fbc48f2a3273.rmeta --extern failure=/opt/rustwide/target/debug/deps/libfailure-56dd397d7044e9d2.rmeta --extern futures=/opt/rustwide/target/debug/deps/libfutures-f6a782863e1804d0.rmeta --extern futures_retry=/opt/rustwide/target/debug/deps/libfutures_retry-b886bf4a672fb6aa.rmeta --extern hyper=/opt/rustwide/target/debug/deps/libhyper-1ad0551c146de533.rmeta --extern hyper_multipart_rfc7578=/opt/rustwide/target/debug/deps/libhyper_multipart_rfc7578-091fb4a3376acf19.rmeta --extern hyper_tls=/opt/rustwide/target/debug/deps/libhyper_tls-f3e7c27cbfb578df.rmeta --extern log=/opt/rustwide/target/debug/deps/liblog-95a9d57e67df36ac.rmeta --extern native_tls=/opt/rustwide/target/debug/deps/libnative_tls-58e36ba02eeb8057.rmeta --extern serde=/opt/rustwide/target/debug/deps/libserde-d1f24ad445d04cd0.rmeta --extern serde_json=/opt/rustwide/target/debug/deps/libserde_json-84a39eece91e0e31.rmeta --extern telebot_derive=/opt/rustwide/target/debug/deps/libtelebot_derive-369a13462a68fc95.so --extern tokio=/opt/rustwide/target/debug/deps/libtokio-9e8e942ea39674fd.rmeta --extern uuid=/opt/rustwide/target/debug/deps/libuuid-4ab4b661f0854aea.rmeta --cap-lints allow --cap-lints=forbid` (signal: 9, SIGKILL: kill)
[INFO] [stderr] warning: build failed, waiting for other jobs to finish...
[INFO] [stderr] The following warnings were emitted during compilation:
[INFO] [stderr] 
[INFO] [stderr] warning: c++: fatal error: Killed signal terminated program cc1plus
[INFO] [stderr] warning: compilation terminated.
[INFO] [stderr] warning: c++: fatal error: Killed signal terminated program cc1plus
[INFO] [stderr] warning: compilation terminated.
[INFO] [stderr] warning: c++: fatal error: Killed signal terminated program cc1plus
[INFO] [stderr] warning: compilation terminated.
[INFO] [stderr] warning: c++: fatal error: Killed signal terminated program cc1plus
[INFO] [stderr] warning: compilation terminated.
[INFO] [stderr] warning: c++: fatal error: Killed signal terminated program cc1plus
[INFO] [stderr] warning: compilation terminated.
[INFO] [stderr] warning: c++: fatal error: Killed signal terminated program cc1plus
[INFO] [stderr] warning: compilation terminated.
[INFO] [stderr] warning: c++: fatal error: Killed signal terminated program cc1plus
[INFO] [stderr] warning: compilation terminated.
[INFO] [stderr] warning: c++: fatal error: Killed signal terminated program cc1plus
[INFO] [stderr] warning: compilation terminated.
[INFO] [stderr] warning: c++: fatal error: Killed signal terminated program cc1plus
[INFO] [stderr] warning: compilation terminated.
[INFO] [stderr] warning: c++: fatal error: Killed signal terminated program cc1plus
[INFO] [stderr] warning: compilation terminated.
[INFO] [stderr] warning: c++: fatal error: Killed signal terminated program cc1plus
[INFO] [stderr] warning: compilation terminated.
[INFO] [stderr] warning: c++: fatal error: Killed signal terminated program cc1plus
[INFO] [stderr] warning: compilation terminated.
[INFO] [stderr] warning: c++: fatal error: Killed signal terminated program cc1plus
[INFO] [stderr] warning: compilation terminated.
[INFO] [stderr] 
[INFO] [stderr] error: build failed
[INFO] running `Command { std: "docker" "inspect" "4843de24051b9068d0236120b723376b57ce01964a43179a34893d94a1a424fb", kill_on_drop: false }`
[INFO] running `Command { std: "docker" "rm" "-f" "4843de24051b9068d0236120b723376b57ce01964a43179a34893d94a1a424fb", kill_on_drop: false }`
[INFO] [stdout] 4843de24051b9068d0236120b723376b57ce01964a43179a34893d94a1a424fb
